st derivative of k**3/3 + k**2/2 - 3. Let f = -3 + -4. Let s = f + 7. Give o(s).
0
Let b(l) = l**3 - l**2 + l - 4. Suppose -3 - 297 = -75*i. Calculate b(i).
48
Let z(g) be the third derivative of -g**6/40 + g**5/30 + g**4/8 - g**3/2 + 15*g**2 + 1. Suppose 4 = -2*u + 3*u. Let w be 10/u + 2/(-4). Determine z(w).
-13
Suppose -5*x = 65*p - 64*p - 12, 12 = 3*x + 3*p. Let u(k) = 3*k**2 + 2*k - 6. What is u(x)?
10
Let h(d) = -d**2 + 4*d + 9. Let m(u) = -3*u + 44. Let o be m(16). Give h(o).
-23
Let u(f) = -f**2 - 7*f + 2. Suppose 0 = 3*t - 6, 0 = v - 2*t - t + 4. Suppose -v*m - 2*m = -4. Suppose 5*b = -26 + m. Give u(b).
12
Let p(v) be the second derivative of -v**3/2 + 7*v**2/2 - v. Let h(x) = -x**3 - 14*x**2 - 48*x - 22. Let q be h(-9). What is p(q)?
-8
Let f(g) = g**2 + g - 1. Let k(q) = -5*q**2 - 10*q + 9. Let i(p) = -4*f(p) - k(p). Determine i(-5).
-10
Let j(i) be the first derivative of -4*i + 1 + 1/6*i**3 + 2*i**2. Let n(l) be the first derivative of j(l). Calculate n(3).
7
Let q(t) = t**2 + 12*t + 1. Let x be q(-12). Let b be x/(10/(-6)) + (-154)/110. Let v(z) = 3*z**2 - 3*z - 1. Give v(b).
17
Let b(o) be the first derivative of o**3 + 3*o**2/2 + 3*o + 6270. Suppose -4*d - 13 = -1. Give b(d).
21
Suppose 10*j = -33*j + 10*j. Let f(p) = -13*p - 5. Determine f(j).
-5
Let i(r) = -r - 2. Let s be i(1). Let u = -9 - s. Let v(b) = b**3 + 5*b**2 - 6*b - 5. Calculate v(u).
-5
Let h(c) = -c**3 + 7*c**2 - 2*c - 39. Let y be h(4). Let i(q) = 6*q**3 - q**2 - q + 1. Calculate i(y).
5
Let y = 684 + -688. Let m(x) = -8*x - 2. Determine m(y).
30
Let v = -18 - -36. Let z(q) = 5*q - v*q**3 + 17*q**3 - q**2 - 4*q - 1. Determine z(0).
-1
Suppose 5*w + 0*w = -25. Let u(n) = -n**2 - 5*n + 4. Let s be u(w). Let y(k) = -k**3 - 6*k**2 + 3*k**2 - 6*k + 6 + 8*k**2. Give y(s).
-2
Let b be 15/(-45) + 14/6. Let v(a) = 109*a**2 + 12 - 219*a**2 + 10*a + 111*a**b. Determine v(-8).
-4
Let z(u) = -u**2 - 4*u - 1. Let j be z(-2). Let t(a) = -4*a - 8*a + j - 6. Calculate t(-2).
21
Let z(c) = -2*c**2 - 10*c + 19. Let w be z(-7). Let f(i) = -i**3 - 10*i**2 - 10*i - 3. Determine f(w).
6
Let t(l) = 8*l - 8. Let u(a) = -45*a + 47. Let m(i) = -34*t(i) - 6*u(i). Determine m(-5).
0
Let s = -280 - -278. Let m(y) = 3*y**3 + 3*y**2 + 3*y. What is m(s)?
-18
Let f be ((17 - 22) + (-18)/(-4))*-14. Let i(w) = 2*w - 9. Determine i(f).
5
Let y be (3 - 1)*-1 - -8. Let m(n) be the third derivative of n**4/12 - n**3/2 + 4*n**2 + 343*n. Give m(y).
9
Let w(o) be the third derivative of o**4/8 - o**3/3 - 13*o**2 - 2. What is w(-2)?
-8
Let z be 20/2*(-32)/(-80). Let c(f) be the first derivative of -2*f**3/3 + 5*f**2/2 + 3*f + 17. Calculate c(z).
-9
Let m(g) = -2*g - 21. Let d(v) = v + 10. Let b = 12 + -15. Let z(n) = b*m(n) - 5*d(n). Calculate z(-8).
5
Let p(r) = 3*r + 6. Let s be 2/(-13) + (-100)/26. Determine p(s).
-6
Let p be (-21)/14*(0 - -4). Let a(f) = f + 6. Let q be a(p). Suppose 3*o - b + 2 = 15, 5*o - b - 25 = q. Let w(j) = j**2 - 7*j - 6. Calculate w(o).
-12
Let l(i) = -i**3 + 8*i**2 - 4*i - 11. Let w be l(7). Let j(f) = 4*f - 11 + 2 + w. Determine j(4).
17
Let t = 2 - -2. Let y(p) = p - 4*p + 2 + t*p. Let z = -353 - -347. Calculate y(z).
-4
Let p(l) = -2*l + l**2 - 1 - 2*l**2 + 3*l + 2. Suppose -2*c = 3*f - 12, c + c - 8 = -f. What is p(c)?
-5
Let r(u) = 7600*u - 3799*u - u**2 + 14 - 3796*u. Give r(6).
8
Let x be 0/(5 + (-3 - -2)). Suppose 2*l = -x*l. Suppose l = -4*f - 12. Let q(u) = -u**3 - 3*u**2 + u. Give q(f).
-3
Suppose -16 - 14 = -r. Let a be 5/(25/r + 0). Let x(h) = -2*h + 5. Determine x(a).
-7
Let r(z) = z**3. Let c(f) = -2*f**3 - 6*f**2 - 3*f + 5. Suppose 4*n = -4*s + s - 1, 5*s + 9 = -3*n. Let v(j) = s*r(j) - c(j). Give v(6).
13
Let i(n) be the first derivative of -n**3/3 + 3*n**2/2 + 11*n + 101. Give i(5).
1
Let x(s) = s**2 - 7*s - 5. Let p be x(4). Let d(y) = -8 - 3 + 5 - y. Let j(t) = 3*t + 18. Let w(f) = p*d(f) - 6*j(f). Calculate w(0).
-6
Let i(p) = -p**3 - 6*p**2 + 5*p + 1. Let y(k) = -4*k + 54. Let v be y(15). Calculate i(v).
-29
Let b(a) = -a - 21. Let f(p) = -p**2 + 23*p - 117. Let j be f(17). Give b(j).
-6
Suppose -u - 7 = -9. Let m(d) = 6 + d**u - 1 + 0 + 8*d. Give m(-9).
14
Let h be (142/(-6))/((-6)/18). Let o = h - 70. Let n(p) be the first derivative of -2*p**2 - p - 1. Determine n(o).
-5
Let p(b) = -3*b - 1. Let f = -58 + -34. Let t = 93 + f. Calculate p(t).
-4
Let c(j) = 13*j + 2. Let s(b) = 19*b + 3. Let m(k) = 7*c(k) - 5*s(k). What is m(2)?
-9
Let s(p) = -p**3 + p**2 - p. Let y(a) = -a**2 + 2*a**2 - 12 - 3*a + 0*a**2 - 2*a. Let c be y(7). Calculate s(c).
-6
Let c = -115 + 115. Let t be (-81)/18*(c + 2)*-1. Let v(z) = -z**3 + 10*z**2 - 8*z - 12. Calculate v(t).
-3
Let g(y) = -3*y**3 + 2*y**2 - 2*y + 1. Let l(d) = -d**3 - 9*d**2 - 7*d + 11. Let j be l(-8). Suppose j = 2*t - 1. Suppose 0 = 3*m + t*m - 5. Give g(m).
-2
Let r(b) = 5*b**2. Suppose -5*t - 15 = -5*s, 0*t - 2*t - 2 = 2*s. Calculate r(s).
5
Let y(v) = -v**2 + 9*v - 4. Let g be 45/30 - 7/(-2). Suppose 4*z = 12, 2*k - g*z - 5 = -2*k. Give y(k).
16
Let o(v) be the second derivative of v**4/6 - v**3/2 + 9*v. Let z be o(2). Let b(w) = -w**3 - 1 + 15*w - 4*w**z + 9*w**2 - 16*w. What is b(5)?
-6
Let s(h) = -8*h**2 + 2*h - 1. Let m(x) be the first derivative of -x**3/3 + 5*x**2/2 - 3*x - 7. Let i be m(4). Give s(i).
-7
Suppose 2*a = -t - 5, -3*t + a - 23 = 3*a. Let m(x) = -x**3 - 8*x**2 + 11*x + 12. Give m(t).
-6
Let d(b) = -52*b**3 - 4*b**2 - 15*b - 32. Let z(n) = 19*n**3 + n**2 + 5*n + 11. Let l(s) = -4*d(s) - 11*z(s). Let k be 8 - (7 - 1)/3. Determine l(k).
1
Suppose 10 = m + 4*j, 2*m - 5*j = -0*m - 6. Let h(i) = 6 + 16*i**m + 0 - 17*i**2. Calculate h(0).
6
Let g(h) = -6*h + 14. Let n(p) = -11*p + 35. Let k(o) = -7*g(o) + 3*n(o). Give k(-5).
-38
Let b(u) = 54 - 81 + 26 - 15*u. Determine b(2).
-31
Let h(y) = y. Let q(c) = 2*c + 6. Let m(k) = -3*h(k) + q(k). Let a(b) = b**3 - 16*b**2 + 15*b + 8. Let o be a(15). Give m(o).
-2
Let v = 0 + 1. Let c(f) = 17*f**2 - 5*f + 5. Let p(u) = 2*u**2 - u + 1. Let a(h) = -2*c(h) + 11*p(h). What is a(v)?
-12
Let w(c) be the third derivative of 0*c + 0 + 1/6*c**4 - 20*c**2 + 0*c**3. Give w(2).
8
Let k(s) = s**2 - 1. Let n be -2 - (-12)/7 - (-99)/77. Determine k(n).
0
Let u(z) = 13 + 0*z - 7*z + 2*z + z. Calculate u(9).
-23
Let g(n) be the second derivative of -n**8/6720 - n**7/840 + n**6/720 + n**4/3 - 14*n. Let q(r) be the third derivative of g(r). Calculate q(-2).
-6
Let o be (-2 + 3 - 5)*-4. Let u = 18 - -6. Suppose -3*h + 4*a = h - u, -h + o = -3*a. Let c(v) = 9*v**2 - v + 1. Determine c(h).
9
Let s(v) = -v - 8. Suppose 0 = 4*m - h - 153, 0 = -4*m + 2*m + 3*h + 69. Let c = 33 - m. Determine s(c).
-2
Let j = -1 - -6. Let t be (-10)/8 - (-4)/16. Let o(s) = -s - 1. Let w(l) = -3*l - 7. Let c(b) = t*w(b) + 2*o(b). Give c(j).
10
Let y(k) = -2. Suppose 4*d + 0*d = 16. Suppose 3*r - 1 = 4*c - 0, -d*c = r + 5. Let i(b) = -b + 1. Let v(u) = r*y(u) - i(u). What is v(2)?
3
Let w(p) = -p**3 - 6*p**2 + 2*p + 7. Suppose -o - 5*z = o + 42, -o + 4*z = 34. Let c = -56 - o. Let b = -36 - c. What is w(b)?
-5
Let g(o) = o**3 - o**2 - o + 10. Let t be (-1)/4 + 369/36. Let v = 15 - t. Let r = -5 + v. Give g(r).
10
Let q be (-1)/(-3) + (-20)/6. Let z(s) be the first derivative of s**3/3 + 2*s**2 + 2*s + 2612. Give z(q).
-1
Let w = 9 + -4. Suppose -w*n + 0*n = -25. Let f(x) = 7*x - 4*x + n*x. Give f(1).
8
Let k = -38 + 36. Let r be (1/(-2))/(k/24*-1). Let s(o) = o**2 + 4*o - 1. Give s(r).
11
Let b(q) = q**3 + q**2 - 2*q + 1. Let i(w) = w**2 - 8*w - 8. Let m be i(9). Let x be b(m). Let l(v) = v**3 - 3*v**2 + 2*v - 1. Determine l(x).
-1
Let h(d) = d + 6. Let a = -125 - -116. Determine h(a).
-3
Suppose -h + 3 - 2 = -4*z, 2*z = h + 1. Let k be -3 - (h - (-5 - -3)). Let j(x) = 3*x**2 + 4*x + 2. What is j(k)?
6
Let d(z) = z**3 - 10*z**2 - 11*z - 8. Let q be d(11). Let w = q - -9. Let n(b) = -w + 0 + 3*b**2 + 6*b**2. Determine n(1).
8
Let a(m) be the first derivative of -m**3/3 + 2*m**2 + m - 681. What is a(6)?
-11
Suppose 5*a + 5*n + 25 = 0, 15*a + 35 = 10*a - 3*n. Let w(x) = -x**2 - 7*x + 24. Give w(a).
-6
Let h(i) be the second derivative of -i**3/6 + i**2 - 2*i. Suppose 5*o - 4*a = -28 - 19, 0 = -3*o + 5*a - 36. Calculate h(o).
9
Let f(h) be the third derivative of 0*h + 0*h**3 + 1/24*h**4 + 6*h**2